12?
31930
In base 12, what is 1 + -2190?
-218b
In base 12, what is 5b - 18b?
-130
In base 15, what is -24 - 1e7?
-21b
In base 4, what is -11113 + 1313?
-3200
In base 16, what is -934 + -30d?
-c41
In base 12, what is -a - -1198?
118a
In base 12, what is 4750 + -22?
472a
In base 14, what is -692 + -265?
-917
In base 11, what is 102838 + 15?
102852
In base 14, what is -3 + b33b?
b338
In base 14, what is -d + 438a?
437b
In base 14, what is 282bbc + -5?
282bb7
In base 8, what is 336 + -30272?
-27734
In base 5, what is -214 + 111?
-103
In base 8, what is 50677 + -101?
50576
In base 16, what is 0 + 564d6?
564d6
In base 3, what is 10 - -100002121021?
100002121101
In base 5, what is -20422410 - 2?
-20422412
In base 6, what is -2 - -3121501?
3121455
In base 5, what is -3134 - 1111?
-4300
In base 10, what is -516115 + -3?
-516118
In base 2, what is -101100000 - 101010101?
-1010110101
In base 11, what is a7761 - -14?
a7775
In base 12, what is 160 - 82?
9a
In base 9, what is -184 + 2040?
1745
In base 9, what is 1 + 20218?
20220
In base 2, what is 11 + 1100011110110000110?
1100011110110001001
In base 9, what is 1510 + 2?
1512
In base 8, what is 357 + 1612?
2171
In base 12, what is -28371 - -3?
-2836a
In base 9, what is -4 - -860?
855
In base 6, what is -15004412 - -4?
-15004404
In base 15, what is 3 + 1044?
1047
In base 10, what is 593 - 35?
558
In base 11, what is -500089 - -1?
-500088
In base 9, what is -72 - -2332?
2250
In base 10, what is 58491 - 3?
58488
In base 4, what is 122220 - 10?
122210
In base 11, what is 12a1 + -14?
1288
In base 10, what is -37853 + 37?
-37816
In base 2, what is -10 + -10010001001?
-10010001011
In base 11, what is -86 + -6157?
-6232
In base 4, what is -2 + 10101333321?
10101333313
In base 3, what is 11 - -1221002222?
1221010010
In base 9, what is 2 - -2826321?
2826323
In base 11, what is -4 - -4199?
4195
In base 16, what is -1407c - 2?
-1407e
In base 5, what is -2 + 244441?
244434
In base 2, what is -1100000010101010 - -110?
-1100000010100100
In base 6, what is 1 - 101414?
-101413
In base 6, what is 2303051 + -2?
2303045
In base 11, what is 18138 - 12?
18126
In base 13, what is 3 - -3161a?
31620
In base 9, what is -581 - -153?
-427
In base 3, what is 1002 + 110?
1112
In base 9, what is 842 + -2623?
-1671
In base 6, what is 411434 - 1?
411433
In base 9, what is 5277763 + 4?
5277767
In base 15, what is 9c8c9 + 1?
9c8ca
In base 15, what is -3ed2 + 6?
-3ecb
In base 12, what is 608 - -1?
609
In base 4, what is -1132 - 2213013?
-2220211
In base 5, what is -11 - 2202?
-2213
In base 15, what is 2349 - 9?
2340
In base 16, what is -6c - -ad5?
a69
In base 11, what is -254893 - -4?
-25488a
In base 9, what is -42 + -1327?
-1370
In base 13, what is -1 + -1a74c?
-1a750
In base 10, what is 81087 + -3?
81084
In base 14, what is 2c84 + -7?
2c7b
In base 12, what is 3 - 279601?
-2795ba
In base 13, what is 192b + -202?
1729
In base 2, what is 100 + -10010010110111001?
-10010010110110101
In base 7, what is 3 + 1446151?
1446154
In base 8, what is 510 + 172?
702
In base 14, what is c9 + 5d?
148
In base 16, what is -82b9 + 4?
-82b5
In base 16, what is 58da - -5?
58df
In base 11, what is 5 - -16255a?
162564
In base 13, what is -1 - 11003?
-11004
In base 10, what is -558741 - 1?
-558742
In base 2, what is -101 + 10101011111111001?
10101011111110100
In base 4, what is -33100 + 0?
-33100
In base 10, what is -1 + 20753?
20752
In base 11, what is -3749 + 7?
-3742
In base 8, what is -4 + -635551?
-635555
In base 5, what is 43 + -40144?
-40101
In base 7, what is -20011 + 1226?
-15452
In base 2, what is -100010111100110000101 - 101?
-100010111100110001010
In base 15, what is 1 - -ca09c?
ca09d
In base 12, what is 76 - -75?
12b
In base 7, what is -5 + -1266666?
-1300004
In base 16, what is c52 + -d?
c45
In base 8, what is -360576 + -10?
-360606
In base 3, what is 10210212100 + 201?
10210220001
In base 2, what is -10100111010 + -110110000?
-11011101010
In base 6, what is -5 + -124500?
-124505
In base 3, what is -2122221000 + -12?
-2122221012
In base 2, what is -1011110010 + 1000111?
-1010101011
In base 10, what is 469 - -744?
1213
In base 16, what is 282ae + 6?
282b4
In base 5, what is -21211443 + -1?
-21211444
In base 12, what is 3 + -42024?
-42021
In base 6, what is 52 + -12003?
-11511
In base 9, what is 121 - -346?
467
In base 7, what is 1612 + 146?
2061
In base 9, what is 17183 + -3?
17180
In base 10, what is 3 - -1102?
1105
In base 2, what is 10011000011 - -10?
10011000101
In base 16, what is -792 + -285?
-a17
In base 3, what is 12101120022 + -10?
12101120012
In base 12, what is -2b27 + -316?
-3241
In base 13, what is -18971 + -36?
-189a7
In base 10, what is 559 + -1311?
-752
In base 3, what is -211 - 1010101120?
-1010102101
In base 6, what is 455 - 120140?
-115241
In base 2, what is 10101011101 + -100010011000?
-1100111011
In base 6, what is 351312 - 1?
351311
In base 3, what is -2 + 111210120?
111210111
In base 15, what is 44a2 + 4?
44a6
In base 2, what is 1101111 - 1101101011?
-1011111100
In base 13, what is 107325 - 1?
107324
In base 14, what is -22 + 119?
d7
In base 5, what is -32420000 + -1?
-32420001
In base 9, what is 8 + 207344?
207353
In base 3, what is 10 - -10012222?
10020002
In base 12, what is 54 + -409?
-375
In base 4, what is -3 + 311321120?
311321111
In base 11, what is 558928 - -6?
558933
In base 4, what is -301123 + 0?
-301123
In base 9, what is 4 - 475158?
-475154
In base 9, what is 30324 - -6?
30331
In base 2, what is -100100010101100101 - -1111?
-100100010101010110
In base 8, what is 1006 - 17610?
-16602
In base 5, what is -1 - -1343210?
1343204
In base 2, what is 10011 - 101100010110?
-101100000011
In base 14, what is -4671 - -1ca?
-4485
In base 8, what is 17 + -4370?
-4351
In base 8, what is 1 - 23732?
-23731
In base 14, what is 50c + 37?
545
In base 8, what is -1 - -1044147?
1044146
In base 7, what is 32 + 16322?
16354
In base 3, what is 112021000 + 1?
112021001
In base 10, what is -3 + -413?
-416
In base 12, what is 4 + -28678?
-28674
In base 15, what is -984 - -4a?
-939
In base 13, what is -111 - -14235?
14124
In base 4, what is -110 + -102130311?
-102131021
In base 10, what is 231 - -477?
708
In base 9, what is 1752 - 444?
1307
In base 13, what is -14 + -a60?
-a74
In base 12, what is -16 + 4914?
48ba
In base 2, what is -10 - 11100001001110?
-11100001010000
In base 15, what is 545 - 1b?
529
In base 2, what is -10111011111 - -1111?
-10111010000
In base 12, what is -843 - -86?
-779
In base 3, what is -100 + 11010021?
11002221
In base 8, what is 13236 - -23?
13261
In base 2, what is 110110110101101 - 10?
110110110101011
In base 7, what is -203 - 1330?
-1533
In base 6, what is -13445 - -1?
-13444
In base 11, what is 56 + -197?
-141
In base 10, what is 0 - 29916?
-29916
In base 16, what is 48c - 2a3?
1e9
In base 13, what is 3300 - -5c?
335c
In base 15, what is 1 - 4a38?
-4a37
In base 10, what is -14 + 5239?
5225
In base 9, what is 180 + -204?
-14
In base 3, what is -21 + 110110111101?
110110111010
In base 2, what is 1001011100100111 + -10?
1001011100100101
In base 12, what is -8ab1 + -9?
-8aba
In base 14, what is 2883 - -27?
28aa
In base 13, what is -233 + 40?
-1c3
In base 7, what is 13 + 1650150?
1650163
In base 9, what is 52 - -20137?
20200
In base 4, what is -32 - 333020?
-333112
In base 15, what is -5 - -3945?
3940
In base 15, what is 5 - c811?
-c80b
In base 16, what is 63 + -683?
-620
In base 11, what is 67171 - 5?
67167
In base 9, what is 745 + -46?
688
In base 10, what is -667608 - -2?
-667606
In base 7, what is -130 + -31200?
-31330
In base 4, what is 33320131 + -23?
33320102
In base 15, what is 862 - e?
853
In base 5, what is -114340430 + 21?
-114340404
In base 13, what is 59443 - -3?
59446
In base 11, what is 5177 - -43?
520a
In base 12, what is -1563116 + 3?
-1563113
In base 8, what is 3 + 210512?
210515
In base 12, what is -623 + -441?
-a64
In base 11, what is 1401 + -1613?
-212
In base 6, what is 2045554 - -5?
2050003
In base 15, what is 8229 - -1?
822a
In base 16, what is 684 - 31?
653
In base 16, what is -2f4 - b?
-2ff
In base 4, what is 10123 - -12013?
22202
In base 7, what is 244105 + -221?
243554
In base 11, what is 2 - -553?
555
In base 4, what is -1100013 - 2203?
-1102222
In base 14, what is -3 + -4d?
-52
In base